3 + 3*r**2 - 3*r + 1. Let w = 11 + -14. Let f be k(w). What is the highest common divisor of f and 110?
10
Let o = -197 + 551. Calculate the greatest common divisor of 59 and o.
59
Suppose 3*u + 43 = 2*s, 0*s - s + 3*u = -14. Calculate the greatest common divisor of 1 and s.
1
Suppose -2*d - 72 + 328 = 0. Suppose -5*s - 4*l = -d - 438, 5*l = -2*s + 223. Suppose 71794*k - 266 = 71787*k. What is the highest common factor of s and k?
38
Let a(x) = -x + 1. Let l be a(-5). Suppose 39 = 5*v - l. Let o = 2 + 1. What is the greatest common divisor of v and o?
3
Let y(o) be the second derivative of 2*o**3/3 + 9*o**2 - 40*o. Let k be y(8). Calculate the highest common factor of 5 and k.
5
Let v = -39 + 30. Let x = v + 18. Calculate the highest common factor of x and 9.
9
Suppose 0 = -230*l + 247*l - 408. Let j be ((-30)/(-35))/(2/14). What is the highest common divisor of j and l?
6
Suppose -z - 6 = -2*z. Suppose 0 = 3*u - y + z + 27, 5*u + 5*y = -55. Let r = u + 17. What is the greatest common factor of r and 15?
3
Let m be ((-24)/(-36))/(2/1446). Let q be m/5 - (-22)/(-55). Suppose 4*d + q = 8*d. Calculate the highest common factor of 60 and d.
12
Let j(n) = -6*n**3 + n**2 + 3. Let o be j(2). Let y = o + 116. Calculate the highest common factor of y and 30.
15
Suppose 5*s = -4*s + 882. Calculate the highest common divisor of 2 and s.
2
Let k(o) = -o. Let p be k(-3). Suppose 0 = 5*j + p*x - 374, 3*x = 4*j - 2*j - 137. Let g = j + -28. Calculate the highest common divisor of 18 and g.
9
Let p be -3 - (-3)/(6/52). What is the highest common factor of 46 and p?
23
Let u = -5 + 14. Suppose 4*i = 2*i - 4*t + 164, 0 = 3*i - 5*t - 191. Calculate the greatest common factor of i and u.
9
Let t = -38 - -65. Suppose 3*p - t = -q, -11 = -q + 5*p - 0*p. Suppose q*f - 16*f - 50 = 0. Calculate the greatest common factor of 90 and f.
10
Suppose 3*c + 4 = 4*v, -3*c = -5*v + 5 + 3. Let p = c + 3. Calculate the highest common divisor of 7 and p.
7
Suppose 8*s = 12*s. Suppose -5*k = -5*n + 75, s = -3*n + 4*n - 3*k - 17. What is the greatest common divisor of 182 and n?
14
Let z = 3586 - -320. What is the greatest common divisor of z and 93?
93
Let m be (-14)/2 - (-1680)/24. Let u be (-836)/(-20) - 1/(-5). Calculate the highest common factor of m and u.
21
Let d(l) = -l**3 + 11*l**2 - 8*l - 12. Let u be d(10). Let h = u + -40. Let p = -17 - h. Calculate the greatest common factor of 5 and p.
5
Let n(w) = -w**2 - 9*w. Let z be n(-3). Let u be (25 - 15)/((-33)/z + 2). What is the highest common factor of 12 and u?
12
Let l(z) = z**3 + 7*z**2 - z + 2. Suppose -f - 5 + 1 = 0. Let k be 1/f + 81/(-12). Let a be l(k). What is the greatest common factor of a and 81?
9
Suppose 5 = 5*x - 0*x. Suppose 2*y - 5*d = -15, -2*y = -y - d. Suppose 0 = 12*h - 13*h + y. What is the greatest common factor of h and x?
1
Let f be 3*(3 - 136/6). Let d = f - -115. What is the highest common divisor of 8 and d?
8
Suppose 3*g = -2 + 5, -2*d + 5*g + 7 = 0. Let x = d - -21. Suppose -o = -2*o + 4*j + 88, -3*o = -2*j - 314. What is the greatest common divisor of o and x?
27
Let h be 2 - (-1 + 4 + -4). Let p be h + 0 + (17 - 4) + -3. What is the greatest common divisor of p and 143?
13
Let y = 346 + -326. What is the greatest common divisor of 2620 and y?
20
Let u be (52/(-12) - -4) + 110/15. What is the highest common divisor of 133 and u?
7
Let x be ((-27)/(-6))/(1/14). Let y be (9/(-27))/(1/(-12)). Suppose -y*o + o + 63 = 0. What is the greatest common factor of x and o?
21
Suppose 0 = -196*a + 206*a - 150. What is the highest common divisor of a and 165?
15
Suppose 6*x + 105 - 141 = 0. What is the greatest common factor of 618 and x?
6
Let d(u) = u - 23. Let o be d(22). Let c be (-5 + -28)*1/o. Calculate the highest common divisor of c and 3.
3
Let a = 535 - 528. What is the greatest common divisor of 161 and a?
7
Let n(j) = j + 2. Let c be n(6). Let o be (-112)/(-5) - 2 - 8/20. Suppose 22*a - o*a - 16 = 0. What is the greatest common divisor of a and c?
8
Let n(d) = d + 3. Let x be n(-4). Let z be (82/x)/((-3)/(-9)). Let a = z + 477. Calculate the greatest common factor of 21 and a.
21
Let n = -21 + -3. Let k be 1225/(-14)*n/5. Suppose -k = -4*b - 2*b. Calculate the greatest common factor of 10 and b.
10
Let k = -230 + 400. What is the highest common divisor of k and 10?
10
Suppose 25*c - 8 = 23*c, 0 = 2*s + 5*c - 70. What is the highest common divisor of 1775 and s?
25
Suppose 3*b = b + 3*z + 89, -2*z - 166 = -4*b. Let t = -31 - -47. What is the greatest common factor of t and b?
8
Suppose 43*g = 36*g + 987. Let k = 45 + 2. Calculate the greatest common factor of k and g.
47
Let p be (-2)/4 - (6 + -2)/(-8). Let d = -4 + 7. Suppose 3*n - 19 = -b, p*b - 5*n + 77 = d*b. What is the greatest common divisor of b and 17?
17
Suppose -5*r + 89 = -241. Calculate the highest common factor of r and 12.
6
Let n = -120 + 168. Suppose -17*y - 194*y + 2532 = 0. What is the greatest common factor of n and y?
12
Suppose j - 336 = -4*s, -3*s + 92 = 2*j - 160. Calculate the greatest common divisor of 36 and s.
12
Let k = 40 - -16. What is the greatest common factor of 392 and k?
56
Let z(y) be the second derivative of -y**5/20 - y**4/12 - y**2 - 18*y. Let q be z(-2). Calculate the greatest common factor of q and 14.
2
Let i be (-3)/(-24) + (-885)/(-24). Suppose r - i + 33 = 0. Suppose -150 = -5*s + m + m, -m - 117 = -4*s. Calculate the highest common factor of r and s.
4
Suppose 5*w - 11*w + 630 = 0. Let j = 238 - w. What is the highest common factor of 7 and j?
7
Suppose 19*v + 101 - 519 = 0. What is the highest common factor of 176 and v?
22
Let d = 38 + -15. Suppose d*x = 27*x - 336. What is the highest common divisor of x and 14?
14
Let c(z) = z**2 + z - 2. Suppose 0 = -5*a + 4 + 1. Let y = a - -9. Let j be c(y). Calculate the highest common divisor of 12 and j.
12
Let f be (-2)/(-7) + 6/(-21). Suppose 3*b + b - 36 = f. Calculate the highest common factor of 3 and b.
3
Suppose -24*i + 490 = 11*i. Calculate the greatest common factor of 658 and i.
14
Let f be 16 + -23 + (0 - 0). Let o be (-10 - -2)/(f + 5). Let m be 227 + o*4/(-8). Calculate the greatest common divisor of 25 and m.
25
Let i = 11 - 2. Suppose -2*p - p = -54. What is the greatest common factor of p and i?
9
Suppose -5*b = 2*f - 67, -3*f - f + 113 = 3*b. Calculate the highest common factor of 351 and f.
13
Let c(t) = t**3 - 18*t**2 + 6*t - 18. Suppose -5*s + 2*k = -s - 76, -k = -s + 20. Let y be c(s). Calculate the greatest common factor of y and 30.
30
Suppose s - 4*t = -s, -4*t + 8 = -4*s. Let w be (2 - -21) + s/2 + -1. Calculate the highest common divisor of w and 5.
5
Let s(y) = -y**2 + 5*y + 4. Let g be s(5). Let r be g/6*(87 - -21). Calculate the highest common divisor of r and 9.
9
Let c(n) = 12*n + 6. Let p be c(2). Suppose -2*q + 18 = -i - 0*q, 2*i = -2*q - p. Let g = -6 - i. Calculate the greatest common factor of 50 and g.
10
Let o(d) = -d**2 + 34*d + 47. Let p be o(21). What is the highest common factor of 60 and p?
20
Let s = 88 + -87. Let w be s/(1/28)*24/28. Calculate the highest common divisor of 6 and w.
6
Let i(o) = 33*o - 195. Let m be i(11). Calculate the greatest common divisor of m and 84.
84
Suppose -4*b - 1 = -3*b. Let c be (4 - 6)*b/2. What is the greatest common factor of 1 and c?
1
Suppose 105*j - 92*j - 598 = 0. What is the highest common factor of 414 and j?
46
Let f(a) = 31*a - 35. Let g be f(5). Let u = g - 64. Calculate the greatest common factor of u and 28.
28
Let y = 6 + -3. Let o be ((1 + -4)/(-3) + -2)*-8. Suppose -68 - 28 = -o*t. Calculate the highest common divisor of t and y.
3
Let x = -230 - -393. Let m = -151 + x. Let s be 4/2*65 + 2. What is the highest common divisor of s and m?
12
Let h(g) = 14*g - 114. Let u be h(11). What is the highest common factor of 24 and u?
8
Let d = 97 + -90. Let x be (1 + d/3)/(6/126). Suppose 2*g = -2*g + 112. What is the highest common factor of g and x?
14
Suppose -13*v - 796 = -1498. Let w(z) = z**2 + z + 12. Let c be w(0). Calculate the greatest common factor of c and v.
6
Suppose -3*w - 38 = -3*d - 7*w, 3*d - w - 13 = 0. Let u be 20/(-8)*d/(-15). Calculate the greatest common factor of u and 5.
1
Let p be (-222)/(-4)*(-16)/(-12). Let h = p - 237. Let b = h + 283. Calcu